355210 is divided by 54.
52
Calculate the remainder when 10370 is divided by 314.
8
Calculate the remainder when 120958 is divided by 57.
4
Calculate the remainder when 1371 is divided by 645.
81
Calculate the remainder when 1587 is divided by 56.
19
Calculate the remainder when 2351 is divided by 206.
85
Calculate the remainder when 386756 is divided by 66.
62
Calculate the remainder when 78134 is divided by 7812.
14
Calculate the remainder when 1703026 is divided by 340602.
16
What is the remainder when 65367 is divided by 21779?
30
Calculate the remainder when 2088717 is divided by 360.
357
Calculate the remainder when 56368 is divided by 35.
18
Calculate the remainder when 103642 is divided by 17.
10
Calculate the remainder when 1176414 is divided by 153.
150
Calculate the remainder when 107299 is divided by 171.
82
Calculate the remainder when 2792 is divided by 235.
207
Calculate the remainder when 6683 is divided by 152.
147
Calculate the remainder when 48298 is divided by 230.
228
Calculate the remainder when 4670 is divided by 312.
302
What is the remainder when 766370 is divided by 14?
10
What is the remainder when 20020 is divided by 9997?
26
Calculate the remainder when 23068 is divided by 59.
58
Calculate the remainder when 41671 is divided by 45.
1
Calculate the remainder when 2078 is divided by 132.
98
Calculate the remainder when 5355 is divided by 41.
25
Calculate the remainder when 167557 is divided by 87.
82
Calculate the remainder when 2055 is divided by 351.
300
What is the remainder when 5635 is divided by 23?
0
What is the remainder when 12544 is divided by 90?
34
What is the remainder when 180790 is divided by 8605?
85
Calculate the remainder when 105950 is divided by 582.
26
What is the remainder when 39401 is divided by 19688?
25
Calculate the remainder when 2723 is divided by 61.
39
Calculate the remainder when 23528 is divided by 1306.
20
Calculate the remainder when 2620 is divided by 1300.
20
What is the remainder when 1442489 is divided by 42?
41
Calculate the remainder when 121638 is divided by 31.
25
Calculate the remainder when 3715 is divided by 286.
283
What is the remainder when 69206 is divided by 110?
16
Calculate the remainder when 6257 is divided by 69.
47
What is the remainder when 3284 is divided by 46?
18
Calculate the remainder when 280138 is divided by 23.
21
Calculate the remainder when 3336 is divided by 2968.
368
What is the remainder when 346 is divided by 79?
30
Calculate the remainder when 965069 is divided by 381.
377
Calculate the remainder when 48135 is divided by 675.
210
Calculate the remainder when 234458 is divided by 109.
108
What is the remainder when 731187 is divided by 616?
611
What is the remainder when 24754 is divided by 4099?
160
What is the remainder when 77685 is divided by 2589?
15
What is the remainder when 143908 is divided by 270?
268
What is the remainder when 44345 is divided by 154?
147
Calculate the remainder when 202 is divided by 62.
16
Calculate the remainder when 5706 is divided by 713.
2
What is the remainder when 20302 is divided by 702?
646
Calculate the remainder when 143499 is divided by 175.
174
What is the remainder when 60768 is divided by 60736?
32
Calculate the remainder when 13849 is divided by 12931.
918
What is the remainder when 1198 is divided by 131?
19
What is the remainder when 54441 is divided by 238?
177
Calculate the remainder when 334610 is divided by 186.
182
Calculate the remainder when 3510 is divided by 1152.
54
What is the remainder when 148185 is divided by 535?
525
Calculate the remainder when 18925 is divided by 18401.
524
Calculate the remainder when 5517 is divided by 381.
183
What is the remainder when 11216 is divided by 5593?
30
What is the remainder when 810157 is divided by 95?
92
Calculate the remainder when 3573 is divided by 149.
146
Calculate the remainder when 1232 is divided by 397.
41
What is the remainder when 39245 is divided by 49?
45
What is the remainder when 1188936 is divided by 1188926?
10
What is the remainder when 4520 is divided by 75?
20
What is the remainder when 1672 is divided by 834?
4
What is the remainder when 6498 is divided by 746?
530
What is the remainder when 1202 is divided by 156?
110
Calculate the remainder when 43432 is divided by 1447.
22
Calculate the remainder when 37629 is divided by 5374.
11
Calculate the remainder when 65737 is divided by 14.
7
What is the remainder when 300480 is divided by 100150?
30
Calculate the remainder when 17810 is divided by 79.
35
Calculate the remainder when 3117 is divided by 308.
37
Calculate the remainder when 2077 is divided by 958.
161
What is the remainder when 151748 is divided by 219?
200
What is the remainder when 89850 is divided by 89839?
11
Calculate the remainder when 274 is divided by 144.
130
Calculate the remainder when 303 is divided by 5.
3
Calculate the remainder when 10046 is divided by 3277.
215
Calculate the remainder when 525 is divided by 60.
45
What is the remainder when 6114 is divided by 145?
24
What is the remainder when 66400 is divided by 651?
649
What is the remainder when 7493 is divided by 7480?
13
What is the remainder when 9784 is divided by 1942?
74
What is the remainder when 20061 is divided by 132?
129
What is the remainder when 784 is divided by 32?
16
What is the remainder when 33870 is divided by 2822?
6
What is the remainder when 20471 is divided by 525?
521
Calculate the remainder when 92626 is divided by 249.
247
What is the remainder when 9473 is divided by 415?
343
Calculate the remainder when 9762 is divided by 855.
357
What is the remainder when 172545 is divided by 792?
681
Calculate the remainder when 5269 is divided by 1754.
7
Calculate the remainder when 259277 is divided by 888.
869
What is the remainder when 110 is divided by 63?
47
What is the remainder when 3581 is divided by 729?
665
What is the remainder when 70959 is divided by 35438?
83
Calculate the remainder when 394418 is divided by 1801.
1800
What is the remainder when 66318 is divided by 9?
6
What is the remainder when 3267 is divided by 123?
69
Calculate the remainder when 1855 is divided by 648.
559
Calculate the remainder when 8244 is divided by 16.
4
What is the remainder when 2175 is divided by 599?
378
What is the remainder when 16823 is divided by 842?
825
What is the remainder when 2235008 is divided by 1499?
1498
What is the remainder when 36793 is divided by 2164?
5
Calculate the remainder when 87291 is divided by 292.
275
What is the remainder when 11108283 is divided by 14?
11
What is the remainder when 883 is divided by 514?
369
Calculate the remainder when 42246 is divided by 74.
66
Calculate the remainder when 10007 is divided by 2532.
2411
Calculate the remainder when 341 is divided by 153.
35
What is the remainder when 2029 is divided by 47?
8
Calculate the remainder when 8463 is divided by 1033.
199
Calculate the remainder when 23620 is divided by 394.
374
What is the remainder when 76768 is divided by 96?
64
Calculate the remainder when 211518 is divided by 203.
195
Calculate the remainder when 48506 is divided by 111.
110
Calculate the remainder when 83295 is divided by 38.
37
What is the remainder when 124187 is divided by 74?
15
What is the remainder when 7999 is divided by 56?
47
Calculate the remainder when 17573 is divided by 17469.
104
What is the remainder when 15393 is divided by 102?
93
What is the remainder when 32724 is divided by 10383?
1575
Calculate the remainder when 216329 is divided by 29.
18
What is the remainder when 2925 is divided by 77?
76
What is the remainder when 101451 is divided by 74?
71
What is the remainder when 82526 is divided by 421?
10
What is the remainder when 1581 is divided by 387?
33
What is the remainder when 32431 is divided by 183?
40
Calculate the remainder when 5260 is divided by 30.
10
Calculate the remainder when 164 is divided by 49.
17
What is the remainder when 61664 is divided by 67?
24
What is the remainder when 131490 is divided by 24?
18
Calculate the remainder when 1288 is divided by 466.
356
What is the remainder when 42221 is divided by 13?
10
Calculate the remainder when 415894 is divided by 186.
184
Calculate the remainder when 10217 is divided by 209.
185
What is 